{"id":67,"date":"2016-06-06T18:57:38","date_gmt":"2016-06-06T16:57:38","guid":{"rendered":"http:\/\/www.groys.de\/villafloriberta-chalet\/?page_id=67"},"modified":"2017-04-21T20:40:26","modified_gmt":"2017-04-21T18:40:26","slug":"konditionen","status":"publish","type":"page","link":"http:\/\/www.groys.de\/villafloriberta-chalet\/konditionen\/","title":{"rendered":"Konditionen"},"content":{"rendered":"<img loading=\"lazy\" decoding=\"async\" src=\"http:\/\/www.groys.de\/villafloriberta-chalet\/wp-content\/uploads\/2016\/06\/groys_floriberta_garten-panoramafenster_2017.jpg\" alt=\"Kiener\/Groys, Villa Floriberta, Panoramafenster\" width=\"400\" height=\"300\" class=\"alignright size-full wp-image-141\" srcset=\"http:\/\/www.groys.de\/villafloriberta-chalet\/wp-content\/uploads\/2016\/06\/groys_floriberta_garten-panoramafenster_2017.jpg 400w, http:\/\/www.groys.de\/villafloriberta-chalet\/wp-content\/uploads\/2016\/06\/groys_floriberta_garten-panoramafenster_2017-300x225.jpg 300w\" sizes=\"auto, (max-width: 400px) 100vw, 400px\" \/>\n<p>Das Chalet bittet viel Platz f\u00fcr Paare und Familien.<br \/>\nAusgestattet ist es mit einer S\u00fcdwestterrasse mit Gartenzugang, zwei separaten Schlafzimmern, einer kleinen K\u00fcche sowie einer runden Essecke. Ein ger\u00e4umiges Wohnzimmer vor dem Panoramafenster, wo sich zwei weitere Schlafm\u00f6glichkeiten einrichten lassen, geh\u00f6rt ebenfalls dazu.<\/p>\n<p><span class=\"textdot13gruen\">&#8226;<\/span> <span class=\"text11gruen\">Preise Chalet:<\/span><br \/>\nDie Preise sind von Saison, Belegung und Aufenthaltsdauer abh\u00e4ngig und liegen zwischen 80,00 \u20ac und 185,00 \u20ac pro Nacht.<\/p>\n<p><span class=\"textdot13gruen\">&#8226;<\/span> Rabatte: Wochen- und Monatsrabat.<\/p>\n<p><span class=\"textdot13gruen\">&#8226;<\/span> Kinder bis 3 Jahre sind frei; Jugendliche bis 14 Jahre zahlen 5,00 \u20ac pro Tag.<\/p>\n<p><span class=\"textdot13gruen\">&#8226;<\/span> Check-in\/Check-out auch nach Absprache.<\/p>\n<p><span class=\"textdot13gruen\">&#8226;<\/span> Im Preis sind Nebenkosten, WiFi, Badet\u00fccher, Bettw\u00e4sche, Kaminholz und Endreinigung enthalten.<\/p>\n<p>&nbsp;<\/p>\n<table width=\"20%\" align=\"right\">\n<tr>\n<td><img loading=\"lazy\" decoding=\"async\" src=\"http:\/\/www.groys.de\/villafloriberta-chalet\/wp-content\/uploads\/2016\/06\/t_flagge_deutsch.gif\" alt=\"Deutsch\" width=\"40\" height=\"40\" class=\"aligncenter size-full wp-image-29\" \/><\/td>\n<td><a href=\"http:\/\/www.groys.de\/villafloriberta-chalet\/holiday-home\/\"><img loading=\"lazy\" decoding=\"async\" src=\"http:\/\/www.groys.de\/villafloriberta-chalet\/wp-content\/uploads\/2016\/06\/t_flagge_usa.gif\" alt=\"English\" width=\"40\" height=\"40\" class=\"aligncenter size-full wp-image-30\" \/><\/a><\/td>\n<td><a href=\"http:\/\/www.groys.de\/villafloriberta-chalet\/holiday-home-russian\/\"><img loading=\"lazy\" decoding=\"async\" src=\"http:\/\/www.groys.de\/villafloriberta-chalet\/wp-content\/uploads\/2016\/06\/t_flagge_russisch.gif\" alt=\"Russisch\" width=\"40\" height=\"40\" class=\"aligncenter size-full wp-image-31\" \/><\/a><\/td>\n<\/tr>\n<\/table>\n<img loading=\"lazy\" decoding=\"async\" src=\"http:\/\/www.groys.de\/villafloriberta-chalet\/wp-content\/uploads\/2016\/06\/trenner_mgruen_2d772e.gif\" alt=\"Seitenende\" width=\"900\" height=\"1\" class=\"aligncenter size-full wp-image-185\" \/>\n","protected":false},"excerpt":{"rendered":"<p>Das Chalet bittet viel Platz f\u00fcr Paare und Familien. Ausgestattet ist es mit einer S\u00fcdwestterrasse mit Gartenzugang, zwei separaten Schlafzimmern, einer kleinen K\u00fcche sowie einer runden Essecke. Ein ger\u00e4umiges Wohnzimmer vor dem Panoramafenster, wo sich zwei weitere Schlafm\u00f6glichkeiten einrichten lassen, geh\u00f6rt ebenfalls dazu. &#8226; Preise Chalet: Die Preise sind von Saison, Belegung und Aufenthaltsdauer abh\u00e4ngig [&hellip;]<\/p>\n","protected":false},"author":4,"featured_media":0,"parent":0,"menu_order":0,"comment_status":"closed","ping_status":"closed","template":"","meta":{"footnotes":""},"class_list":["post-67","page","type-page","status-publish"],"_links":{"self":[{"href":"http:\/\/www.groys.de\/villafloriberta-chalet\/wp-json\/wp\/v2\/pages\/67","targetHints":{"allow":["GET"]}}],"collection":[{"href":"http:\/\/www.groys.de\/villafloriberta-chalet\/wp-json\/wp\/v2\/pages"}],"about":[{"href":"http:\/\/www.groys.de\/villafloriberta-chalet\/wp-json\/wp\/v2\/types\/page"}],"author":[{"embeddable":true,"href":"http:\/\/www.groys.de\/villafloriberta-chalet\/wp-json\/wp\/v2\/users\/4"}],"replies":[{"embeddable":true,"href":"http:\/\/www.groys.de\/villafloriberta-chalet\/wp-json\/wp\/v2\/comments?post=67"}],"version-history":[{"count":24,"href":"http:\/\/www.groys.de\/villafloriberta-chalet\/wp-json\/wp\/v2\/pages\/67\/revisions"}],"predecessor-version":[{"id":192,"href":"http:\/\/www.groys.de\/villafloriberta-chalet\/wp-json\/wp\/v2\/pages\/67\/revisions\/192"}],"wp:attachment":[{"href":"http:\/\/www.groys.de\/villafloriberta-chalet\/wp-json\/wp\/v2\/media?parent=67"}],"curies":[{"name":"wp","href":"https:\/\/api.w.org\/{rel}","templated":true}]}}